{"id":184681,"date":"2014-05-28T13:21:53","date_gmt":"2014-05-28T20:21:53","guid":{"rendered":"http:\/\/tri.be\/support\/forums\/topic\/problem-since-3-6\/"},"modified":"2014-08-26T08:32:19","modified_gmt":"2014-08-26T15:32:19","slug":"problem-since-3-6","status":"closed","type":"topic","link":"https:\/\/theeventscalendar.com\/support\/forums\/topic\/problem-since-3-6\/","title":{"rendered":"Problem since 3.6"},"content":{"rendered":"<p>Hello<br \/>\nTody i&#8217;ve updated Event pro from 3.5.1 to 3.6 and I have a problem as widget doesn&#8217;t shown anything.<br \/>\nIn wp-admin, i&#8217;ve a message in French &#8220;Les plugins suivant ne sont pas \u00e0 jour : Events Calendar PRO 3.5.2. Tous les modules compl\u00e9mentaires contiennent des d\u00e9pendances de The Events Calendar et ne fonctionneront pas correctement \u00e0 moins qu&#8217;ils soient jumel\u00e9s \u00e0 leur version correspondante. Besoin d&#8217;une version pr\u00e9c\u00e9dente?&#8221; which can be translated by &#8221;<br \/>\nThe following plugins are outdated: Events Calendar PRO 3.5.2. All modules contain additional dependencies The Events Calendar and will not work unless they are paired with their corresponding version correctly. Need a previous version?&#8221;<\/p>\n<p>any help please?<\/p>\n","protected":false},"template":"","class_list":["post-184681","topic","type-topic","status-closed","hentry"],"yoast_head":"<!-- This site is optimized with the Yoast SEO plugin v25.2 - https:\/\/yoast.com\/wordpress\/plugins\/seo\/ -->\n<title>Problem since 3.6 -<\/title>\n<meta name=\"robots\" content=\"index, follow, max-snippet:-1, max-image-preview:large, max-video-preview:-1\" \/>\n<link rel=\"canonical\" href=\"https:\/\/theeventscalendar.com\/support\/forums\/topic\/problem-since-3-6\/\" \/>\n<meta property=\"og:locale\" content=\"en_US\" \/>\n<meta property=\"og:type\" content=\"article\" \/>\n<meta property=\"og:title\" content=\"Problem since 3.6 -\" \/>\n<meta property=\"og:description\" content=\"Hello Tody i&#8217;ve updated Event pro from 3.5.1 to 3.6 and I have a problem as widget doesn&#8217;t shown anything. In wp-admin, i&#8217;ve a message in French &#8220;Les plugins suivant ne sont pas \u00e0 jour : Events Calendar PRO 3.5.2. Tous les modules compl\u00e9mentaires contiennent des d\u00e9pendances de The Events Calendar et ne fonctionneront pas [&hellip;]\" \/>\n<meta property=\"og:url\" content=\"https:\/\/theeventscalendar.com\/support\/forums\/topic\/problem-since-3-6\/\" \/>\n<meta property=\"article:modified_time\" content=\"2014-08-26T15:32:19+00:00\" \/>\n<meta name=\"twitter:card\" content=\"summary_large_image\" \/>\n<meta name=\"twitter:label1\" content=\"Est. reading time\" \/>\n\t<meta name=\"twitter:data1\" content=\"1 minute\" \/>\n<script type=\"application\/ld+json\" class=\"yoast-schema-graph\">{\"@context\":\"https:\/\/schema.org\",\"@graph\":[{\"@type\":\"WebPage\",\"@id\":\"https:\/\/theeventscalendar.com\/support\/forums\/topic\/problem-since-3-6\/\",\"url\":\"https:\/\/theeventscalendar.com\/support\/forums\/topic\/problem-since-3-6\/\",\"name\":\"Problem since 3.6 -\",\"isPartOf\":{\"@id\":\"https:\/\/theeventscalendar.com\/support\/#website\"},\"datePublished\":\"2014-05-28T20:21:53+00:00\",\"dateModified\":\"2014-08-26T15:32:19+00:00\",\"breadcrumb\":{\"@id\":\"https:\/\/theeventscalendar.com\/support\/forums\/topic\/problem-since-3-6\/#breadcrumb\"},\"inLanguage\":\"en-US\",\"potentialAction\":[{\"@type\":\"ReadAction\",\"target\":[\"https:\/\/theeventscalendar.com\/support\/forums\/topic\/problem-since-3-6\/\"]}]},{\"@type\":\"BreadcrumbList\",\"@id\":\"https:\/\/theeventscalendar.com\/support\/forums\/topic\/problem-since-3-6\/#breadcrumb\",\"itemListElement\":[{\"@type\":\"ListItem\",\"position\":1,\"name\":\"Home\",\"item\":\"https:\/\/theeventscalendar.com\/support\/\"},{\"@type\":\"ListItem\",\"position\":2,\"name\":\"Topics\",\"item\":\"https:\/\/theeventscalendar.com\/support\/topics\/\"},{\"@type\":\"ListItem\",\"position\":3,\"name\":\"Calendar Products\",\"item\":\"https:\/\/theeventscalendar.com\/support\/forums\/forum\/events\/\"},{\"@type\":\"ListItem\",\"position\":4,\"name\":\"Events Calendar PRO\",\"item\":\"https:\/\/theeventscalendar.com\/support\/forums\/forum\/events\/events-calendar-pro\/\"},{\"@type\":\"ListItem\",\"position\":5,\"name\":\"Problem since 3.6\"}]},{\"@type\":\"WebSite\",\"@id\":\"https:\/\/theeventscalendar.com\/support\/#website\",\"url\":\"https:\/\/theeventscalendar.com\/support\/\",\"name\":\"\",\"description\":\"\",\"potentialAction\":[{\"@type\":\"SearchAction\",\"target\":{\"@type\":\"EntryPoint\",\"urlTemplate\":\"https:\/\/theeventscalendar.com\/support\/?s={search_term_string}\"},\"query-input\":{\"@type\":\"PropertyValueSpecification\",\"valueRequired\":true,\"valueName\":\"search_term_string\"}}],\"inLanguage\":\"en-US\"}]}<\/script>\n<!-- \/ Yoast SEO plugin. -->","yoast_head_json":{"title":"Problem since 3.6 -","robots":{"index":"index","follow":"follow","max-snippet":"max-snippet:-1","max-image-preview":"max-image-preview:large","max-video-preview":"max-video-preview:-1"},"canonical":"https:\/\/theeventscalendar.com\/support\/forums\/topic\/problem-since-3-6\/","og_locale":"en_US","og_type":"article","og_title":"Problem since 3.6 -","og_description":"Hello Tody i&#8217;ve updated Event pro from 3.5.1 to 3.6 and I have a problem as widget doesn&#8217;t shown anything. In wp-admin, i&#8217;ve a message in French &#8220;Les plugins suivant ne sont pas \u00e0 jour : Events Calendar PRO 3.5.2. Tous les modules compl\u00e9mentaires contiennent des d\u00e9pendances de The Events Calendar et ne fonctionneront pas [&hellip;]","og_url":"https:\/\/theeventscalendar.com\/support\/forums\/topic\/problem-since-3-6\/","article_modified_time":"2014-08-26T15:32:19+00:00","twitter_card":"summary_large_image","twitter_misc":{"Est. reading time":"1 minute"},"schema":{"@context":"https:\/\/schema.org","@graph":[{"@type":"WebPage","@id":"https:\/\/theeventscalendar.com\/support\/forums\/topic\/problem-since-3-6\/","url":"https:\/\/theeventscalendar.com\/support\/forums\/topic\/problem-since-3-6\/","name":"Problem since 3.6 -","isPartOf":{"@id":"https:\/\/theeventscalendar.com\/support\/#website"},"datePublished":"2014-05-28T20:21:53+00:00","dateModified":"2014-08-26T15:32:19+00:00","breadcrumb":{"@id":"https:\/\/theeventscalendar.com\/support\/forums\/topic\/problem-since-3-6\/#breadcrumb"},"inLanguage":"en-US","potentialAction":[{"@type":"ReadAction","target":["https:\/\/theeventscalendar.com\/support\/forums\/topic\/problem-since-3-6\/"]}]},{"@type":"BreadcrumbList","@id":"https:\/\/theeventscalendar.com\/support\/forums\/topic\/problem-since-3-6\/#breadcrumb","itemListElement":[{"@type":"ListItem","position":1,"name":"Home","item":"https:\/\/theeventscalendar.com\/support\/"},{"@type":"ListItem","position":2,"name":"Topics","item":"https:\/\/theeventscalendar.com\/support\/topics\/"},{"@type":"ListItem","position":3,"name":"Calendar Products","item":"https:\/\/theeventscalendar.com\/support\/forums\/forum\/events\/"},{"@type":"ListItem","position":4,"name":"Events Calendar PRO","item":"https:\/\/theeventscalendar.com\/support\/forums\/forum\/events\/events-calendar-pro\/"},{"@type":"ListItem","position":5,"name":"Problem since 3.6"}]},{"@type":"WebSite","@id":"https:\/\/theeventscalendar.com\/support\/#website","url":"https:\/\/theeventscalendar.com\/support\/","name":"","description":"","potentialAction":[{"@type":"SearchAction","target":{"@type":"EntryPoint","urlTemplate":"https:\/\/theeventscalendar.com\/support\/?s={search_term_string}"},"query-input":{"@type":"PropertyValueSpecification","valueRequired":true,"valueName":"search_term_string"}}],"inLanguage":"en-US"}]}},"_links":{"self":[{"href":"https:\/\/theeventscalendar.com\/support\/wp-json\/wp\/v2\/topic\/184681","targetHints":{"allow":["GET"]}}],"collection":[{"href":"https:\/\/theeventscalendar.com\/support\/wp-json\/wp\/v2\/topic"}],"about":[{"href":"https:\/\/theeventscalendar.com\/support\/wp-json\/wp\/v2\/types\/topic"}],"version-history":[{"count":0,"href":"https:\/\/theeventscalendar.com\/support\/wp-json\/wp\/v2\/topic\/184681\/revisions"}],"wp:attachment":[{"href":"https:\/\/theeventscalendar.com\/support\/wp-json\/wp\/v2\/media?parent=184681"}],"curies":[{"name":"wp","href":"https:\/\/api.w.org\/{rel}","templated":true}]}}

<p>Hello<br />
Tody i&#8217;ve updated Event pro from 3.5.1 to 3.6 and I have a problem as widget doesn&#8217;t shown anything.<br />
In wp-admin, i&#8217;ve a message in French &#8220;Les plugins suivant ne sont pas à jour : Events Calendar PRO 3.5.2. Tous les modules complémentaires contiennent des dépendances de The Events Calendar et ne fonctionneront pas correctement à moins qu&#8217;ils soient jumelés à leur version correspondante. Besoin d&#8217;une version précédente?&#8221; which can be translated by &#8221;<br />
The following plugins are outdated: Events Calendar PRO 3.5.2. All modules contain additional dependencies The Events Calendar and will not work unless they are paired with their corresponding version correctly. Need a previous version?&#8221;</p>
<p>any help please?</p>

<!-- This site is optimized with the Yoast SEO plugin v25.2 - https://yoast.com/wordpress/plugins/seo/ -->
<title>Problem since 3.6 -</title>
<meta name="robots" content="index, follow, max-snippet:-1, max-image-preview:large, max-video-preview:-1" />
<link rel="canonical" href="https://theeventscalendar.com/support/forums/topic/problem-since-3-6/" />
<meta property="og:locale" content="en_US" />
<meta property="og:type" content="article" />
<meta property="og:title" content="Problem since 3.6 -" />
<meta property="og:description" content="Hello Tody i&#8217;ve updated Event pro from 3.5.1 to 3.6 and I have a problem as widget doesn&#8217;t shown anything. In wp-admin, i&#8217;ve a message in French &#8220;Les plugins suivant ne sont pas à jour : Events Calendar PRO 3.5.2. Tous les modules complémentaires contiennent des dépendances de The Events Calendar et ne fonctionneront pas [&hellip;]" />
<meta property="og:url" content="https://theeventscalendar.com/support/forums/topic/problem-since-3-6/" />
<meta property="article:modified_time" content="2014-08-26T15:32:19+00:00" />
<meta name="twitter:card" content="summary_large_image" />
<meta name="twitter:label1" content="Est. reading time" />
	<meta name="twitter:data1" content="1 minute" />
<script type="application/ld+json" class="yoast-schema-graph">{"@context":"https://schema.org","@graph":[{"@type":"WebPage","@id":"https://theeventscalendar.com/support/forums/topic/problem-since-3-6/","url":"https://theeventscalendar.com/support/forums/topic/problem-since-3-6/","name":"Problem since 3.6 -","isPartOf":{"@id":"https://theeventscalendar.com/support/#website"},"datePublished":"2014-05-28T20:21:53+00:00","dateModified":"2014-08-26T15:32:19+00:00","breadcrumb":{"@id":"https://theeventscalendar.com/support/forums/topic/problem-since-3-6/#breadcrumb"},"inLanguage":"en-US","potentialAction":[{"@type":"ReadAction","target":["https://theeventscalendar.com/support/forums/topic/problem-since-3-6/"]}]},{"@type":"BreadcrumbList","@id":"https://theeventscalendar.com/support/forums/topic/problem-since-3-6/#breadcrumb","itemListElement":[{"@type":"ListItem","position":1,"name":"Home","item":"https://theeventscalendar.com/support/"},{"@type":"ListItem","position":2,"name":"Topics","item":"https://theeventscalendar.com/support/topics/"},{"@type":"ListItem","position":3,"name":"Calendar Products","item":"https://theeventscalendar.com/support/forums/forum/events/"},{"@type":"ListItem","position":4,"name":"Events Calendar PRO","item":"https://theeventscalendar.com/support/forums/forum/events/events-calendar-pro/"},{"@type":"ListItem","position":5,"name":"Problem since 3.6"}]},{"@type":"WebSite","@id":"https://theeventscalendar.com/support/#website","url":"https://theeventscalendar.com/support/","name":"","description":"","potentialAction":[{"@type":"SearchAction","target":{"@type":"EntryPoint","urlTemplate":"https://theeventscalendar.com/support/?s={search_term_string}"},"query-input":{"@type":"PropertyValueSpecification","valueRequired":true,"valueName":"search_term_string"}}],"inLanguage":"en-US"}]}</script>
<!-- / Yoast SEO plugin. -->

Hello Tody i&#8217;ve updated Event pro from 3.5.1 to 3.6 and I have a problem as widget doesn&#8217;t shown anything. In wp-admin, i&#8217;ve a message in French &#8220;Les plugins suivant ne sont pas à jour : Events Calendar PRO 3.5.2. Tous les modules complémentaires contiennent des dépendances de The Events Calendar et ne fonctionneront pas [&hellip;]
